en 73715856 is divided by 31?
26
What is the remainder when 22067187 is divided by 234757?
29
Calculate the remainder when 897782656 is divided by 4133.
4130
What is the remainder when 1709349 is divided by 184?
173
Calculate the remainder when 39291749 is divided by 5731.
13
Calculate the remainder when 459146 is divided by 3993.
3944
Calculate the remainder when 74812097 is divided by 1150.
1147
What is the remainder when 417945 is divided by 21941?
1066
Calculate the remainder when 60805254 is divided by 183.
27
What is the remainder when 1266220 is divided by 57553?
54
Calculate the remainder when 10990194 is divided by 4729.
4727
Calculate the remainder when 32819 is divided by 1317.
1211
What is the remainder when 511959 is divided by 4002?
3705
Calculate the remainder when 1013592 is divided by 350.
342
Calculate the remainder when 1188943 is divided by 72.
7
What is the remainder when 146705 is divided by 4730?
75
Calculate the remainder when 139467 is divided by 3906.
2757
What is the remainder when 7122675 is divided by 31?
22
Calculate the remainder when 98261 is divided by 295.
26
Calculate the remainder when 1193749 is divided by 278.
17
Calculate the remainder when 851974 is divided by 1764.
1726
What is the remainder when 237570 is divided by 814?
696
What is the remainder when 484633 is divided by 416?
409
What is the remainder when 9648478 is divided by 41?
30
Calculate the remainder when 462988 is divided by 1696.
1676
Calculate the remainder when 169301 is divided by 11001.
4286
Calculate the remainder when 1811731 is divided by 22.
9
Calculate the remainder when 6769741 is divided by 5708.
53
What is the remainder when 580644 is divided by 1082?
692
Calculate the remainder when 3256610 is divided by 1900.
10
Calculate the remainder when 818990 is divided by 34.
32
Calculate the remainder when 7127549 is divided by 846.
845
Calculate the remainder when 2846930 is divided by 259.
2
Calculate the remainder when 4348367 is divided by 255786.
5
Calculate the remainder when 27151 is divided by 8074.
2929
Calculate the remainder when 172227 is divided by 114.
87
What is the remainder when 25713144 is divided by 374?
270
Calculate the remainder when 245904 is divided by 245864.
40
Calculate the remainder when 301450 is divided by 785.
10
What is the remainder when 49677 is divided by 12367?
209
Calculate the remainder when 1396614 is divided by 16626.
30
Calculate the remainder when 21363449 is divided by 2777.
2765
Calculate the remainder when 89773356 is divided by 69.
9
Calculate the remainder when 1233902 is divided by 73.
56
What is the remainder when 22304948 is divided by 50?
48
What is the remainder when 22998047 is divided by 79578?
5
Calculate the remainder when 104131 is divided by 2670.
1
What is the remainder when 22512 is divided by 3604?
888
What is the remainder when 21734 is divided by 3000?
734
What is the remainder when 21598 is divided by 4831?
2274
Calculate the remainder when 81499614 is divided by 31.
25
Calculate the remainder when 25153855 is divided by 51.
43
What is the remainder when 445039 is divided by 49437?
106
Calculate the remainder when 104361 is divided by 6323.
3193
Calculate the remainder when 4415953 is divided by 4.
1
Calculate the remainder when 34617080 is divided by 8654266.
16
Calculate the remainder when 457943 is divided by 85.
48
What is the remainder when 127792 is divided by 42590?
22
What is the remainder when 12071372 is divided by 597?
32
Calculate the remainder when 357478 is divided by 563.
536
What is the remainder when 610846 is divided by 38176?
30
Calculate the remainder when 16502943 is divided by 4125720.
63
What is the remainder when 926301 is divided by 28059?
354
Calculate the remainder when 27727580 is divided by 177.
176
Calculate the remainder when 13802766 is divided by 18.
6
Calculate the remainder when 11422925 is divided by 9073.
18
Calculate the remainder when 1113407 is divided by 3.
2
Calculate the remainder when 45916 is divided by 2764.
1692
What is the remainder when 6284252 is divided by 2094726?
74
What is the remainder when 15391833 is divided by 5130607?
12
What is the remainder when 888436 is divided by 7562?
3682
Calculate the remainder when 177745221 is divided by 175.
171
Calculate the remainder when 670230 is divided by 723.
9
What is the remainder when 33942166 is divided by 2533?
2499
What is the remainder when 172811 is divided by 42050?
4611
What is the remainder when 656384 is divided by 27?
14
Calculate the remainder when 2434314 is divided by 405717.
12
Calculate the remainder when 1877484335 is divided by 56.
55
Calculate the remainder when 94210694 is divided by 2211.
2195
What is the remainder when 146154 is divided by 36494?
178
Calculate the remainder when 2278640 is divided by 148.
32
What is the remainder when 50097 is divided by 49288?
809
What is the remainder when 4070124 is divided by 1356706?
6
What is the remainder when 1702585 is divided by 1217?
2
Calculate the remainder when 13516402 is divided by 1846.
1836
What is the remainder when 308143 is divided by 5523?
4378
What is the remainder when 527582 is divided by 2037?
2036
Calculate the remainder when 8748741 is divided by 3220.
1
Calculate the remainder when 1926316 is divided by 5519.
185
Calculate the remainder when 314773417 is divided by 130.
127
What is the remainder when 485772 is divided by 242868?
36
What is the remainder when 161739 is divided by 54?
9
What is the remainder when 2996126 is divided by 192?
158
Calculate the remainder when 2532503 is divided by 8889.
8027
What is the remainder when 1383087 is divided by 3907?
9
What is the remainder when 24805 is divided by 10330?
4145
What is the remainder when 153624 is divided by 17067?
21
Calculate the remainder when 45256326 is divided by 494.
492
What is the remainder when 22053033 is divided by 198?
189
Calculate the remainder when 2356350 is divided by 340.
150
What is the remainder when 21769649 is divided by 2796?
2789
What is the remainder when 22448804 is divided by 142986?
2
What is the remainder when 5536607 is divided by 1617?
1616
Calculate the remainder when 1959807 is divided by 502.
501
What is the remainder when 2172255 is divided by 15971?
199
Calculate the remainder when 12122643 is divided by 86.
83
What is the remainder when 68051602 is divided by 52?
34
What is the remainder when 304725 is divided by 152346?
33
What is the remainder when 1906633 is divided by 59?
48
Calculate the remainder when 336451806 is divided by 22.
20
What is the remainder when 573481 is divided by 13033?
29
Calculate the remainder when 1598410 is divided by 6417.
577
What is the remainder when 549686 is divided by 6892?
5218
Calculate the remainder when 23456013 is divided by 1954666.
21
Calculate the remainder when 11442289 is divided by 82.
9
What is the remainder when 384683 is divided by 1775?
1283
Calculate the remainder when 244205 is divided by 229.
91
Calculate the remainder when 26084 is divided by 106.
8
What is the remainder when 490257 is divided by 1861?
814
Calculate the remainder when 487795 is divided by 1788.
1459
What is the remainder when 304483 is divided by 99905?
4768
Calculate the remainder when 184986 is divided by 3302.
74
Calculate the remainder when 12715429 is divided by 470.
49
Calculate the remainder when 1173124 is divided by 586545.
34
What is the remainder when 958858 is divided by 319608?
34
Calculate the remainder when 1435441 is divided by 119618.
25
Calculate the remainder when 3776 is divided by 2095.
1681
What is the remainder when 984034 is divided by 974?
294
Calculate the remainder when 1244183 is divided by 53.
8
What is the remainder when 329386 is divided by 182?
148
What is the remainder when 5207366 is divided by 42?
38
What is the remainder when 1121425 is divided by 847?
844
Calculate the remainder when 941096 is divided by 364.
156
Calculate the remainder when 4344535 is divided by 205.
175
What is the remainder when 341133 is divided by 13119?
39
Calculate the remainder when 138296 is divided by 17259.
224
Calculate the remainder when 323712 is divided by 4831.
35
Calculate the remainder when 11339755 is divided by 1207.
1197
What is the remainder when 1507816 is